{"id":836,"date":"2023-08-24T10:10:26","date_gmt":"2023-08-24T08:10:26","guid":{"rendered":"https:\/\/cgtsafran.com\/nacelles\/?page_id=836"},"modified":"2023-08-24T10:10:26","modified_gmt":"2023-08-24T08:10:26","slug":"toulouse-candidats-2023","status":"publish","type":"page","link":"https:\/\/cgtsafran.com\/sna\/toulouse-candidats-2023\/","title":{"rendered":"Toulouse &#8211; Candidats 2023"},"content":{"rendered":"<h3>LE COMIT\u00c9 SOCIAL ET \u00c9CONOMIQUE (CSE)<\/h3>\n<h4>Premier coll\u00e8ge<\/h4>\n<div>\n<table>\n<tbody>\n<tr>\n<th colspan=\"2\">\n<h5>Titulaires<\/h5>\n<\/th>\n<\/tr>\n<tr>\n<td>Pr\u00e9nom NOM<\/td>\n<td><img loading=\"lazy\" decoding=\"async\" class=\"alignnone size-full wp-image-292\" src=\"https:\/\/cgtsafran.com\/nacelles\/wp-content\/uploads\/sites\/14\/woocommerce-placeholder.png\" alt=\"\" width=\"130\" height=\"130\" \/><\/td>\n<\/tr>\n<tr>\n<td>Pr\u00e9nom NOM<\/td>\n<td><img loading=\"lazy\" decoding=\"async\" class=\"alignnone size-full wp-image-292\" src=\"https:\/\/cgtsafran.com\/nacelles\/wp-content\/uploads\/sites\/14\/woocommerce-placeholder.png\" alt=\"\" width=\"134\" height=\"135\" \/><\/td>\n<\/tr>\n<tr>\n<td>Pr\u00e9nom NOM<\/td>\n<td><img loading=\"lazy\" decoding=\"async\" class=\"alignnone size-full wp-image-301\" src=\"https:\/\/cgtsafran.com\/nacelles\/wp-content\/uploads\/sites\/14\/woocommerce-placeholder.png\" alt=\"\" width=\"130\" height=\"130\" \/><\/td>\n<\/tr>\n<tr>\n<td>Pr\u00e9nom NOM<\/td>\n<td><img loading=\"lazy\" decoding=\"async\" class=\"alignnone size-full wp-image-294\" src=\"https:\/\/cgtsafran.com\/nacelles\/wp-content\/uploads\/sites\/14\/woocommerce-placeholder.png\" alt=\"\" width=\"132\" height=\"135\" \/><\/td>\n<\/tr>\n<tr>\n<td>Pr\u00e9nom NOM<\/td>\n<td><img loading=\"lazy\" decoding=\"async\" class=\"alignnone size-full wp-image-258\" src=\"https:\/\/cgtsafran.com\/nacelles\/wp-content\/uploads\/sites\/14\/woocommerce-placeholder.png\" alt=\"\" width=\"130\" height=\"130\" \/><\/td>\n<\/tr>\n<tr>\n<td>Pr\u00e9nom NOM<\/td>\n<td><img loading=\"lazy\" decoding=\"async\" class=\"alignnone size-full wp-image-264\" src=\"https:\/\/cgtsafran.com\/nacelles\/wp-content\/uploads\/sites\/14\/woocommerce-placeholder.png\" alt=\"\" width=\"130\" height=\"130\" \/><\/td>\n<\/tr>\n<tr>\n<td>Pr\u00e9nom NOM<\/td>\n<td><img loading=\"lazy\" decoding=\"async\" class=\"alignnone size-full wp-image-311\" src=\"https:\/\/cgtsafran.com\/nacelles\/wp-content\/uploads\/sites\/14\/woocommerce-placeholder.png\" alt=\"\" width=\"130\" height=\"130\" \/><\/td>\n<\/tr>\n<tr>\n<td>Pr\u00e9nom NOM<\/td>\n<td><img loading=\"lazy\" decoding=\"async\" class=\"alignnone size-full wp-image-296\" src=\"https:\/\/cgtsafran.com\/nacelles\/wp-content\/uploads\/sites\/14\/woocommerce-placeholder.png\" alt=\"\" width=\"130\" height=\"130\" \/><\/td>\n<\/tr>\n<tr>\n<th colspan=\"2\">\n<h5>Suppl\u00e9ants<\/h5>\n<\/th>\n<\/tr>\n<tr>\n<td>Pr\u00e9nom NOM<\/td>\n<td><img loading=\"lazy\" decoding=\"async\" class=\"alignnone size-full wp-image-304\" src=\"https:\/\/cgtsafran.com\/nacelles\/wp-content\/uploads\/sites\/14\/woocommerce-placeholder.png\" alt=\"\" width=\"130\" height=\"130\" \/><\/td>\n<\/tr>\n<tr>\n<td>Pr\u00e9nom NOM<\/td>\n<td><img loading=\"lazy\" decoding=\"async\" class=\"alignnone size-full wp-image-283\" src=\"https:\/\/cgtsafran.com\/nacelles\/wp-content\/uploads\/sites\/14\/woocommerce-placeholder.png\" alt=\"\" width=\"130\" height=\"130\" \/><\/td>\n<\/tr>\n<tr>\n<td>Pr\u00e9nom NOM<\/td>\n<td><img loading=\"lazy\" decoding=\"async\" class=\"alignnone size-full wp-image-298\" src=\"https:\/\/cgtsafran.com\/nacelles\/wp-content\/uploads\/sites\/14\/woocommerce-placeholder.png\" alt=\"\" width=\"135\" height=\"131\" \/><\/td>\n<\/tr>\n<tr>\n<td>Pr\u00e9nom NOM<\/td>\n<td><img loading=\"lazy\" decoding=\"async\" class=\"alignnone size-full wp-image-297\" src=\"https:\/\/cgtsafran.com\/nacelles\/wp-content\/uploads\/sites\/14\/woocommerce-placeholder.png\" alt=\"\" width=\"130\" height=\"130\" \/><\/td>\n<\/tr>\n<tr>\n<td>Pr\u00e9nom NOM<\/td>\n<td><img loading=\"lazy\" decoding=\"async\" class=\"alignnone size-full wp-image-280\" src=\"https:\/\/cgtsafran.com\/nacelles\/wp-content\/uploads\/sites\/14\/woocommerce-placeholder.png\" alt=\"\" width=\"130\" height=\"130\" \/><\/td>\n<\/tr>\n<tr>\n<td>Pr\u00e9nom NOM<\/td>\n<td><img loading=\"lazy\" decoding=\"async\" class=\"alignnone size-full wp-image-308\" src=\"https:\/\/cgtsafran.com\/nacelles\/wp-content\/uploads\/sites\/14\/woocommerce-placeholder.png\" alt=\"\" width=\"130\" height=\"130\" \/><\/td>\n<\/tr>\n<tr>\n<td>Pr\u00e9nom NOM<\/td>\n<td><img loading=\"lazy\" decoding=\"async\" class=\"alignnone size-full wp-image-291\" src=\"https:\/\/cgtsafran.com\/nacelles\/wp-content\/uploads\/sites\/14\/woocommerce-placeholder.png\" alt=\"\" width=\"130\" height=\"130\" \/><\/td>\n<\/tr>\n<tr>\n<td>Pr\u00e9nom NOM<\/td>\n<td><img loading=\"lazy\" decoding=\"async\" class=\"alignnone size-full wp-image-309\" src=\"https:\/\/cgtsafran.com\/nacelles\/wp-content\/uploads\/sites\/14\/woocommerce-placeholder.png\" alt=\"\" width=\"130\" height=\"130\" \/><\/td>\n<\/tr>\n<\/tbody>\n<\/table>\n<p>&nbsp;<\/p>\n<p>&nbsp;<\/p>\n<p>&nbsp;<\/p>\n<\/div>\n<div><\/div>\n<h4>2\u00e8me coll\u00e8ge<\/h4>\n<div>\n<table>\n<tbody>\n<tr>\n<th colspan=\"2\">\n<h5>Titulaires<\/h5>\n<\/th>\n<\/tr>\n<tr>\n<td>Pr\u00e9nom NOM<\/td>\n<td><img loading=\"lazy\" decoding=\"async\" class=\"alignnone size-full wp-image-255\" src=\"https:\/\/cgtsafran.com\/nacelles\/wp-content\/uploads\/sites\/14\/woocommerce-placeholder.png\" alt=\"\" width=\"130\" height=\"130\" \/><\/td>\n<\/tr>\n<tr>\n<td>Pr\u00e9nom NOM<\/td>\n<td><img loading=\"lazy\" decoding=\"async\" class=\"alignnone size-full wp-image-303\" src=\"https:\/\/cgtsafran.com\/nacelles\/wp-content\/uploads\/sites\/14\/woocommerce-placeholder.png\" alt=\"\" width=\"130\" height=\"130\" \/><\/td>\n<\/tr>\n<tr>\n<td>Pr\u00e9nom NOM<\/td>\n<td><img loading=\"lazy\" decoding=\"async\" class=\"alignnone size-full wp-image-306\" src=\"https:\/\/cgtsafran.com\/nacelles\/wp-content\/uploads\/sites\/14\/woocommerce-placeholder.png\" alt=\"\" width=\"130\" height=\"130\" \/><\/td>\n<\/tr>\n<tr>\n<th colspan=\"2\">\n<h5>Suppl\u00e9ants<\/h5>\n<\/th>\n<\/tr>\n<tr>\n<td>Pr\u00e9nom NOM<\/td>\n<td><img loading=\"lazy\" decoding=\"async\" class=\"alignnone size-full wp-image-285\" src=\"https:\/\/cgtsafran.com\/nacelles\/wp-content\/uploads\/sites\/14\/woocommerce-placeholder.png\" alt=\"\" width=\"130\" height=\"130\" \/><\/td>\n<\/tr>\n<tr>\n<td>Pr\u00e9nom NOM<\/td>\n<td><img loading=\"lazy\" decoding=\"async\" class=\"alignnone size-full wp-image-295\" src=\"https:\/\/cgtsafran.com\/nacelles\/wp-content\/uploads\/sites\/14\/woocommerce-placeholder.png\" alt=\"\" width=\"130\" height=\"130\" \/><\/td>\n<\/tr>\n<tr>\n<td>Pr\u00e9nom NOM<\/td>\n<td><img loading=\"lazy\" decoding=\"async\" class=\"alignnone size-full wp-image-278\" src=\"https:\/\/cgtsafran.com\/nacelles\/wp-content\/uploads\/sites\/14\/woocommerce-placeholder.png\" alt=\"\" width=\"130\" height=\"130\" \/><\/td>\n<\/tr>\n<\/tbody>\n<\/table>\n<p>&nbsp;<\/p>\n<\/div>\n<div><\/div>\n<h4>3\u00e8me coll\u00e8ge<\/h4>\n<div>\n<table>\n<tbody>\n<tr>\n<th colspan=\"2\">\n<h5>Titulaire<\/h5>\n<\/th>\n<\/tr>\n<tr>\n<td>Pr\u00e9nom NOM<\/td>\n<td><img loading=\"lazy\" decoding=\"async\" class=\"alignnone size-full wp-image-260\" src=\"https:\/\/cgtsafran.com\/nacelles\/wp-content\/uploads\/sites\/14\/woocommerce-placeholder.png\" alt=\"\" width=\"130\" height=\"130\" \/><\/td>\n<\/tr>\n<tr>\n<th colspan=\"2\">\n<h5>Suppl\u00e9ant<\/h5>\n<\/th>\n<\/tr>\n<tr>\n<td>Pr\u00e9nom NOM<\/td>\n<td><img loading=\"lazy\" decoding=\"async\" class=\"alignnone size-full wp-image-261\" src=\"https:\/\/cgtsafran.com\/nacelles\/wp-content\/uploads\/sites\/14\/woocommerce-placeholder.png\" alt=\"\" width=\"130\" height=\"130\" \/><\/td>\n<\/tr>\n<\/tbody>\n<\/table>\n<p>&nbsp;<\/p>\n<\/div>\n<div><\/div>\n","protected":false},"excerpt":{"rendered":"<p>LE COMIT\u00c9 SOCIAL ET \u00c9CONOMIQUE (CSE) Premier coll\u00e8ge Titulaires Pr\u00e9nom NOM Pr\u00e9nom NOM Pr\u00e9nom NOM Pr\u00e9nom NOM Pr\u00e9nom NOM Pr\u00e9nom NOM Pr\u00e9nom NOM Pr\u00e9nom NOM Suppl\u00e9ants Pr\u00e9nom NOM Pr\u00e9nom NOM Pr\u00e9nom NOM Pr\u00e9nom NOM Pr\u00e9nom NOM Pr\u00e9nom NOM Pr\u00e9nom NOM Pr\u00e9nom NOM &nbsp; &nbsp; &nbsp; 2\u00e8me coll\u00e8ge Titulaires Pr\u00e9nom NOM Pr\u00e9nom NOM Pr\u00e9nom NOM Suppl\u00e9ants [&hellip;]<\/p>\n","protected":false},"author":2,"featured_media":0,"parent":0,"menu_order":0,"comment_status":"closed","ping_status":"closed","template":"","meta":{"_acf_changed":false,"footnotes":""},"class_list":["post-836","page","type-page","status-publish","hentry"],"acf":[],"_links":{"self":[{"href":"https:\/\/cgtsafran.com\/sna\/wp-json\/wp\/v2\/pages\/836","targetHints":{"allow":["GET"]}}],"collection":[{"href":"https:\/\/cgtsafran.com\/sna\/wp-json\/wp\/v2\/pages"}],"about":[{"href":"https:\/\/cgtsafran.com\/sna\/wp-json\/wp\/v2\/types\/page"}],"author":[{"embeddable":true,"href":"https:\/\/cgtsafran.com\/sna\/wp-json\/wp\/v2\/users\/2"}],"replies":[{"embeddable":true,"href":"https:\/\/cgtsafran.com\/sna\/wp-json\/wp\/v2\/comments?post=836"}],"version-history":[{"count":1,"href":"https:\/\/cgtsafran.com\/sna\/wp-json\/wp\/v2\/pages\/836\/revisions"}],"predecessor-version":[{"id":837,"href":"https:\/\/cgtsafran.com\/sna\/wp-json\/wp\/v2\/pages\/836\/revisions\/837"}],"wp:attachment":[{"href":"https:\/\/cgtsafran.com\/sna\/wp-json\/wp\/v2\/media?parent=836"}],"curies":[{"name":"wp","href":"https:\/\/api.w.org\/{rel}","templated":true}]}}