{"id":153,"date":"2020-02-09T18:37:16","date_gmt":"2020-02-09T17:37:16","guid":{"rendered":"https:\/\/cgtsafran.com\/nacelles\/?page_id=153"},"modified":"2020-02-09T18:37:26","modified_gmt":"2020-02-09T17:37:26","slug":"saclay","status":"publish","type":"page","link":"https:\/\/cgtsafran.com\/sna\/instances\/saclay\/","title":{"rendered":"Site de Saclay &#8211; \u00c9lus et mandat\u00e9s"},"content":{"rendered":"<ul>\n<li><strong>D\u00e9l\u00e9gu\u00e9 Syndical<\/strong> <strong>Local : <\/strong>Fr\u00e9d\u00e9ric ARRONIZ<\/li>\n<li><strong>D\u00e9l\u00e9gu\u00e9 Syndical Central<\/strong> : Jos\u00e9 BATISTA<\/li>\n<li><strong>\u00c9lu DP<\/strong> : Georges COMUCE<\/li>\n<li><strong>\u00c9lu DP (suppl\u00e9ant) : <\/strong>Jos\u00e9 BATISTA<\/li>\n<li><strong>\u00c9lu du CHSCT :<\/strong> Fr\u00e9d\u00e9ric ARRONIZ<\/li>\n<li><strong>Repr\u00e9sentant Syndical au CHSCT : <\/strong>Philippe HOURDEL<\/li>\n<\/ul>\n","protected":false},"excerpt":{"rendered":"<p>D\u00e9l\u00e9gu\u00e9 Syndical Local : Fr\u00e9d\u00e9ric ARRONIZ D\u00e9l\u00e9gu\u00e9 Syndical Central : Jos\u00e9 BATISTA \u00c9lu DP : Georges COMUCE \u00c9lu DP (suppl\u00e9ant) : Jos\u00e9 BATISTA \u00c9lu du CHSCT : Fr\u00e9d\u00e9ric ARRONIZ Repr\u00e9sentant Syndical au CHSCT : Philippe HOURDEL<\/p>\n","protected":false},"author":1,"featured_media":0,"parent":142,"menu_order":0,"comment_status":"closed","ping_status":"closed","template":"","meta":{"_acf_changed":false,"footnotes":""},"class_list":["post-153","page","type-page","status-publish","hentry"],"acf":[],"_links":{"self":[{"href":"https:\/\/cgtsafran.com\/sna\/wp-json\/wp\/v2\/pages\/153","targetHints":{"allow":["GET"]}}],"collection":[{"href":"https:\/\/cgtsafran.com\/sna\/wp-json\/wp\/v2\/pages"}],"about":[{"href":"https:\/\/cgtsafran.com\/sna\/wp-json\/wp\/v2\/types\/page"}],"author":[{"embeddable":true,"href":"https:\/\/cgtsafran.com\/sna\/wp-json\/wp\/v2\/users\/1"}],"replies":[{"embeddable":true,"href":"https:\/\/cgtsafran.com\/sna\/wp-json\/wp\/v2\/comments?post=153"}],"version-history":[{"count":1,"href":"https:\/\/cgtsafran.com\/sna\/wp-json\/wp\/v2\/pages\/153\/revisions"}],"predecessor-version":[{"id":154,"href":"https:\/\/cgtsafran.com\/sna\/wp-json\/wp\/v2\/pages\/153\/revisions\/154"}],"up":[{"embeddable":true,"href":"https:\/\/cgtsafran.com\/sna\/wp-json\/wp\/v2\/pages\/142"}],"wp:attachment":[{"href":"https:\/\/cgtsafran.com\/sna\/wp-json\/wp\/v2\/media?parent=153"}],"curies":[{"name":"wp","href":"https:\/\/api.w.org\/{rel}","templated":true}]}}