{"id":149,"date":"2020-02-09T18:32:46","date_gmt":"2020-02-09T17:32:46","guid":{"rendered":"https:\/\/cgtsafran.com\/nacelles\/?page_id=149"},"modified":"2024-10-08T10:59:03","modified_gmt":"2024-10-08T08:59:03","slug":"le-havre","status":"publish","type":"page","link":"https:\/\/cgtsafran.com\/sna\/instances\/le-havre\/","title":{"rendered":"Site du Havre &#8211; \u00c9lus et mandat\u00e9s"},"content":{"rendered":"<h3>LE COMIT\u00c9 SOCIAL ET \u00c9CONOMIQUE (CSE)<\/h3>\n<h4>Premier coll\u00e8ge<\/h4>\n<div>\n<table>\n<tbody>\n<tr>\n<th colspan=\"2\">\n<h5>Titulaires<\/h5>\n<\/th>\n<\/tr>\n<tr>\n<td>ALI TALMAT<\/p>\n<p>Secr\u00e9taire du CSE Local<\/td>\n<td><img loading=\"lazy\" decoding=\"async\" class=\"alignnone size-full wp-image-292\" src=\"https:\/\/cgtsafran.com\/nacelles\/wp-content\/uploads\/sites\/14\/2020\/04\/alitalmat.jpg\" alt=\"\" width=\"130\" height=\"130\" \/><\/td>\n<\/tr>\n<tr>\n<td>JENNY GRANDET<\/p>\n<p>D\u00e9l\u00e9gu\u00e9\u00a0Syndical\u00a0Local<\/td>\n<td><img loading=\"lazy\" decoding=\"async\" class=\"alignnone size-full wp-image-292\" src=\"https:\/\/cgtsafran.com\/nacelles\/wp-content\/uploads\/sites\/14\/2020\/04\/jennygrandet.jpg\" alt=\"\" width=\"134\" height=\"135\" \/><\/td>\n<\/tr>\n<tr>\n<td>NICOLAS DEHAIS<\/p>\n<p>D\u00e9l\u00e9gu\u00e9\u00a0Syndical\u00a0Local<\/td>\n<td><img loading=\"lazy\" decoding=\"async\" class=\"alignnone size-full wp-image-301\" src=\"https:\/\/cgtsafran.com\/nacelles\/wp-content\/uploads\/sites\/14\/2020\/04\/nicolasdehais.jpg\" alt=\"\" width=\"130\" height=\"130\" \/><\/td>\n<\/tr>\n<tr>\n<td>JEROME FICHET<\/p>\n<p>R\u00e9f\u00e9rent au CSSCT locale<\/td>\n<td><img loading=\"lazy\" decoding=\"async\" class=\"alignnone size-full wp-image-294\" src=\"https:\/\/cgtsafran.com\/nacelles\/wp-content\/uploads\/sites\/14\/2020\/04\/jeromefichet.jpg\" alt=\"\" width=\"132\" height=\"135\" \/><\/td>\n<\/tr>\n<tr>\n<td>FRANCK DESDOUITILS<\/p>\n<p>D\u00e9l\u00e9gu\u00e9\u00a0Syndical\u00a0Local<\/td>\n<td><img loading=\"lazy\" decoding=\"async\" class=\"alignnone size-full wp-image-258\" src=\"https:\/\/cgtsafran.com\/nacelles\/wp-content\/uploads\/sites\/14\/2020\/04\/desdouitils_franck.jpg\" alt=\"\" width=\"130\" height=\"130\" \/><\/td>\n<\/tr>\n<tr>\n<td>LUDOVIC BENARD<\/td>\n<td><img loading=\"lazy\" decoding=\"async\" class=\"alignnone size-full wp-image-264\" src=\"https:\/\/cgtsafran.com\/nacelles\/wp-content\/uploads\/sites\/14\/2020\/04\/ludovicbenard.jpg\" alt=\"\" width=\"130\" height=\"130\" \/><\/td>\n<\/tr>\n<tr>\n<td>WILSON PINSON<\/td>\n<td><img loading=\"lazy\" decoding=\"async\" class=\"alignnone size-full wp-image-311\" src=\"https:\/\/cgtsafran.com\/nacelles\/wp-content\/uploads\/sites\/14\/2020\/04\/wilsonpinson.jpg\" alt=\"\" width=\"130\" height=\"130\" \/><\/td>\n<\/tr>\n<tr>\n<td>JULIEN PENEL<\/td>\n<td><img loading=\"lazy\" decoding=\"async\" class=\"alignnone size-full wp-image-296\" src=\"https:\/\/cgtsafran.com\/nacelles\/wp-content\/uploads\/sites\/14\/2020\/04\/julienpenel.jpg\" alt=\"\" width=\"130\" height=\"130\" \/><\/td>\n<\/tr>\n<tr>\n<th colspan=\"2\">\n<h5>Suppl\u00e9ants<\/h5>\n<\/th>\n<\/tr>\n<tr>\n<td>SYLVAIN LECOINTRE<\/p>\n<p>Repr\u00e9sentant de proximit\u00e9 au CSSCT<\/td>\n<td><img loading=\"lazy\" decoding=\"async\" class=\"alignnone size-full wp-image-304\" src=\"https:\/\/cgtsafran.com\/nacelles\/wp-content\/uploads\/sites\/14\/2020\/04\/sylvainlecointre.jpg\" alt=\"\" width=\"130\" height=\"130\" \/><\/td>\n<\/tr>\n<tr>\n<td>EMILIE DUMONT<\/td>\n<td><img loading=\"lazy\" decoding=\"async\" class=\"alignnone size-full wp-image-283\" src=\"https:\/\/cgtsafran.com\/nacelles\/wp-content\/uploads\/sites\/14\/2020\/04\/emiliedumont.jpg\" alt=\"\" width=\"85\" height=\"90\" \/><\/td>\n<\/tr>\n<tr>\n<td>JEREMY LEBIGRE<\/p>\n<p>Repr\u00e9sentant de proximit\u00e9 au CSSCT<\/td>\n<td><img loading=\"lazy\" decoding=\"async\" class=\"alignnone size-full wp-image-298\" src=\"https:\/\/cgtsafran.com\/nacelles\/wp-content\/uploads\/sites\/14\/2020\/04\/lebigre_jeremy.jpg\" alt=\"\" width=\"135\" height=\"131\" \/><\/td>\n<\/tr>\n<tr>\n<td>KEVIN DUFEIL<\/td>\n<td><img loading=\"lazy\" decoding=\"async\" class=\"alignnone size-full wp-image-297\" src=\"https:\/\/cgtsafran.com\/nacelles\/wp-content\/uploads\/sites\/14\/2020\/04\/kevindufeil.jpg\" alt=\"\" width=\"130\" height=\"130\" \/><\/td>\n<\/tr>\n<tr>\n<td>DAVID CHARDEY<\/td>\n<td><img loading=\"lazy\" decoding=\"async\" class=\"alignnone size-full wp-image-280\" src=\"https:\/\/cgtsafran.com\/nacelles\/wp-content\/uploads\/sites\/14\/2020\/04\/davidcharday.jpg\" alt=\"\" width=\"130\" height=\"130\" \/><\/td>\n<\/tr>\n<tr>\n<td>VALERY BETTENCOURT<\/td>\n<td><img loading=\"lazy\" decoding=\"async\" class=\"alignnone size-full wp-image-308\" src=\"https:\/\/cgtsafran.com\/nacelles\/wp-content\/uploads\/sites\/14\/2020\/04\/valerybettencourt.jpg\" alt=\"\" width=\"130\" height=\"130\" \/><\/td>\n<\/tr>\n<tr>\n<td>JEAN LUC LE MERRER<\/p>\n<p>Repr\u00e9sentant de proximit\u00e9 au CSSCT<\/td>\n<td><img loading=\"lazy\" decoding=\"async\" class=\"alignnone size-full wp-image-291\" src=\"https:\/\/cgtsafran.com\/nacelles\/wp-content\/uploads\/sites\/14\/2020\/04\/jeanluclemerrer.jpg\" alt=\"\" width=\"130\" height=\"130\" \/><\/td>\n<\/tr>\n<tr>\n<td>WILFRIED VIAL<\/td>\n<td><img loading=\"lazy\" decoding=\"async\" class=\"alignnone size-full wp-image-309\" src=\"https:\/\/cgtsafran.com\/nacelles\/wp-content\/uploads\/sites\/14\/2020\/04\/vial.jpg\" alt=\"\" width=\"130\" height=\"130\" \/><\/td>\n<\/tr>\n<\/tbody>\n<\/table>\n<p>&nbsp;<\/p>\n<p>&nbsp;<\/p>\n<p>&nbsp;<\/p>\n<\/div>\n<div><\/div>\n<h4>2\u00e8me coll\u00e8ge<\/h4>\n<div>\n<table>\n<tbody>\n<tr>\n<th colspan=\"2\">\n<h5>Titulaires<\/h5>\n<\/th>\n<\/tr>\n<tr>\n<td>ALAIN GRATIGNY<\/p>\n<p>Tr\u00e9sorier adjoint du CSE local<\/p>\n<p>D\u00e9l\u00e9gu\u00e9 Syndical Central<\/td>\n<td><img loading=\"lazy\" decoding=\"async\" class=\"alignnone size-full wp-image-255\" src=\"https:\/\/cgtsafran.com\/nacelles\/wp-content\/uploads\/sites\/14\/2020\/04\/alaingratigny.jpg\" alt=\"\" width=\"130\" height=\"130\" \/><\/td>\n<\/tr>\n<tr>\n<td>STELLA SCHLAPPI<\/p>\n<p>Secr\u00e9taire adjointe du CSE local<\/td>\n<td><img loading=\"lazy\" decoding=\"async\" class=\"alignnone size-full wp-image-303\" src=\"https:\/\/cgtsafran.com\/nacelles\/wp-content\/uploads\/sites\/14\/2020\/04\/stellashlappi.jpg\" alt=\"\" width=\"130\" height=\"130\" \/><\/td>\n<\/tr>\n<tr>\n<td>THIERRY MAILLOT<\/p>\n<p>Tr\u00e9sorier du CSE local<\/p>\n<p>D\u00e9l\u00e9gu\u00e9\u00a0Syndical\u00a0Local<\/td>\n<td><img loading=\"lazy\" decoding=\"async\" class=\"alignnone size-full wp-image-306\" src=\"https:\/\/cgtsafran.com\/nacelles\/wp-content\/uploads\/sites\/14\/2020\/04\/thierrymaillot.jpg\" alt=\"\" width=\"130\" height=\"130\" \/><\/td>\n<\/tr>\n<tr>\n<th colspan=\"2\">\n<h5>Suppl\u00e9ants<\/h5>\n<\/th>\n<\/tr>\n<tr>\n<td>FRANCK THIEULLEN<\/p>\n<p>Membre du CSSCT locale<\/td>\n<td><img loading=\"lazy\" decoding=\"async\" class=\"alignnone size-full wp-image-285\" src=\"https:\/\/cgtsafran.com\/nacelles\/wp-content\/uploads\/sites\/14\/2020\/04\/franckthieullen.jpg\" alt=\"\" width=\"130\" height=\"130\" \/><\/td>\n<\/tr>\n<tr>\n<td>JESSICA BERTHON<\/td>\n<td><img loading=\"lazy\" decoding=\"async\" class=\"alignnone size-full wp-image-295\" src=\"https:\/\/cgtsafran.com\/nacelles\/wp-content\/uploads\/sites\/14\/2020\/04\/jessiscaberthon.jpg\" alt=\"\" width=\"130\" height=\"130\" \/><\/td>\n<\/tr>\n<tr>\n<td>CHRISTOPHE LEBOUVIER<\/td>\n<td><img loading=\"lazy\" decoding=\"async\" class=\"alignnone size-full wp-image-278\" src=\"https:\/\/cgtsafran.com\/nacelles\/wp-content\/uploads\/sites\/14\/2020\/04\/christophelebouvier.jpg\" alt=\"\" width=\"90\" height=\"86\" \/><\/td>\n<\/tr>\n<\/tbody>\n<\/table>\n<p>&nbsp;<\/p>\n<\/div>\n<div><\/div>\n<h4>3\u00e8me coll\u00e8ge<\/h4>\n<div>\n<table>\n<tbody>\n<tr>\n<th colspan=\"2\">\n<h5>Titulaire<\/h5>\n<\/th>\n<\/tr>\n<tr>\n<td>FILIPE FERNANDES<\/p>\n<p>Membre du CSSCT locale<\/td>\n<td><img loading=\"lazy\" decoding=\"async\" class=\"alignnone size-full wp-image-260\" src=\"https:\/\/cgtsafran.com\/nacelles\/wp-content\/uploads\/sites\/14\/2020\/04\/filipefernandes.jpg\" alt=\"\" width=\"130\" height=\"130\" \/><\/td>\n<\/tr>\n<tr>\n<th colspan=\"2\">\n<h5>Suppl\u00e9ant<\/h5>\n<\/th>\n<\/tr>\n<tr>\n<td><\/td>\n<td><\/td>\n<\/tr>\n<\/tbody>\n<\/table>\n<p>&nbsp;<\/p>\n<\/div>\n<div><\/div>\n<div>\n<table border=\"1\" cellspacing=\"1\" cellpadding=\"1\">\n<tbody>\n<tr>\n<td colspan=\"2\">\n<h4>D\u00e9l\u00e9gu\u00e9 Syndical Central \/ DSC<\/h4>\n<\/td>\n<\/tr>\n<tr>\n<td>ALAIN GRATIGNY<\/td>\n<td><img loading=\"lazy\" decoding=\"async\" class=\"alignnone size-full wp-image-255\" src=\"https:\/\/cgtsafran.com\/nacelles\/wp-content\/uploads\/sites\/14\/2020\/04\/alaingratigny.jpg\" alt=\"\" width=\"130\" height=\"130\" \/><\/td>\n<\/tr>\n<tr>\n<td colspan=\"2\">\n<h4>D\u00e9l\u00e9gu\u00e9s Syndicaux Locaux \/ DSL<\/h4>\n<\/td>\n<\/tr>\n<tr>\n<td>DEHAIS NICOLAS<\/td>\n<td><img loading=\"lazy\" decoding=\"async\" class=\"alignnone size-full wp-image-301\" src=\"https:\/\/cgtsafran.com\/nacelles\/wp-content\/uploads\/sites\/14\/2020\/04\/nicolasdehais.jpg\" alt=\"\" width=\"130\" height=\"130\" \/><\/td>\n<\/tr>\n<tr>\n<td>MAILLOT THIERRY<\/td>\n<td><img loading=\"lazy\" decoding=\"async\" class=\"alignnone size-full wp-image-306\" src=\"https:\/\/cgtsafran.com\/nacelles\/wp-content\/uploads\/sites\/14\/2020\/04\/thierrymaillot.jpg\" alt=\"\" width=\"130\" height=\"130\" \/><\/td>\n<\/tr>\n<tr>\n<td>FRANCK DESDOUITILS<\/td>\n<td><img loading=\"lazy\" decoding=\"async\" class=\"alignnone size-full wp-image-258\" src=\"https:\/\/cgtsafran.com\/nacelles\/wp-content\/uploads\/sites\/14\/2020\/04\/desdouitils_franck.jpg\" alt=\"\" width=\"130\" height=\"130\" \/><\/td>\n<\/tr>\n<tr>\n<td>JENNY GRANDET<\/td>\n<td><img loading=\"lazy\" decoding=\"async\" class=\"alignnone size-full wp-image-292\" src=\"https:\/\/cgtsafran.com\/nacelles\/wp-content\/uploads\/sites\/14\/2020\/04\/jennygrandet.jpg\" alt=\"\" width=\"134\" height=\"135\" \/><\/td>\n<\/tr>\n<tr>\n<td colspan=\"2\">\n<h4>Repr\u00e9sentant syndical au CSE local<\/h4>\n<\/td>\n<\/tr>\n<tr>\n<td>OLIVIER BONMARTEL<\/td>\n<td><img loading=\"lazy\" decoding=\"async\" class=\"alignnone size-full wp-image-302\" src=\"https:\/\/cgtsafran.com\/nacelles\/wp-content\/uploads\/sites\/14\/2020\/04\/olivierbonmartel.jpg\" alt=\"\" width=\"135\" height=\"131\" \/><\/td>\n<\/tr>\n<\/tbody>\n<\/table>\n<p>&nbsp;<\/p>\n<\/div>\n<div><\/div>\n<h3>COMMISSION SANT\u00c9 S\u00c9CURIT\u00c9 ET CONDITIONS DE TRAVAIL \/ CSSCT<\/h3>\n<div>\n<p>&nbsp;<\/p>\n<table border=\"1\" cellspacing=\"1\" cellpadding=\"1\">\n<tbody>\n<tr>\n<td colspan=\"2\">\n<h4>MEMBRES<\/h4>\n<\/td>\n<\/tr>\n<tr>\n<td>FICHET JER\u00d4ME<\/p>\n<p>R\u00e9f\u00e9rent<\/td>\n<td><img loading=\"lazy\" decoding=\"async\" class=\"alignnone size-full wp-image-294\" src=\"https:\/\/cgtsafran.com\/nacelles\/wp-content\/uploads\/sites\/14\/2020\/04\/jeromefichet.jpg\" alt=\"\" width=\"132\" height=\"135\" \/><\/td>\n<\/tr>\n<tr>\n<td>FERNANDES FILIPE<\/td>\n<td><img loading=\"lazy\" decoding=\"async\" class=\"alignnone size-full wp-image-260\" src=\"https:\/\/cgtsafran.com\/nacelles\/wp-content\/uploads\/sites\/14\/2020\/04\/filipefernandes.jpg\" alt=\"\" width=\"130\" height=\"130\" \/><\/td>\n<\/tr>\n<tr>\n<td>THIEULLEN FRANCK<\/td>\n<td><img loading=\"lazy\" decoding=\"async\" class=\"alignnone size-full wp-image-285\" src=\"https:\/\/cgtsafran.com\/nacelles\/wp-content\/uploads\/sites\/14\/2020\/04\/franckthieullen.jpg\" alt=\"\" width=\"130\" height=\"130\" \/><\/td>\n<\/tr>\n<\/tbody>\n<\/table>\n<table border=\"1\" cellspacing=\"1\" cellpadding=\"1\">\n<tbody>\n<tr>\n<td colspan=\"2\">\n<h4>REPRESENTANTS DE PROXIMITE AU CSSCT<\/h4>\n<\/td>\n<\/tr>\n<tr>\n<td>BAUSSART AMANDINE<\/td>\n<td><img loading=\"lazy\" decoding=\"async\" class=\"alignnone size-full wp-image-276\" src=\"https:\/\/cgtsafran.com\/nacelles\/wp-content\/uploads\/sites\/14\/2020\/04\/amandinebossart.jpg\" alt=\"\" width=\"127\" height=\"135\" \/><\/td>\n<\/tr>\n<tr>\n<td>BRETON ANNE SIGRID<\/td>\n<td><img loading=\"lazy\" decoding=\"async\" class=\"alignnone size-full wp-image-310\" src=\"https:\/\/cgtsafran.com\/nacelles\/wp-content\/uploads\/sites\/14\/2020\/04\/VILLENEUVEMATHIEU.jpg\" alt=\"\" width=\"134\" height=\"135\" \/><\/td>\n<\/tr>\n<tr>\n<td>LEBIGRE JEREMY<\/td>\n<td><img loading=\"lazy\" decoding=\"async\" class=\"alignnone size-full wp-image-298\" src=\"https:\/\/cgtsafran.com\/nacelles\/wp-content\/uploads\/sites\/14\/2020\/04\/lebigre_jeremy.jpg\" alt=\"\" width=\"135\" height=\"131\" \/><\/td>\n<\/tr>\n<tr>\n<td>VILLENEUVE MATHIEU<\/td>\n<td><img loading=\"lazy\" decoding=\"async\" class=\"alignnone size-full wp-image-310\" src=\"https:\/\/cgtsafran.com\/nacelles\/wp-content\/uploads\/sites\/14\/2020\/04\/VILLENEUVEMATHIEU.jpg\" alt=\"\" width=\"134\" height=\"135\" \/><\/td>\n<\/tr>\n<tr>\n<td>LECOINTRE SYLVAIN<\/td>\n<td><img loading=\"lazy\" decoding=\"async\" class=\"alignnone size-full wp-image-304\" src=\"https:\/\/cgtsafran.com\/nacelles\/wp-content\/uploads\/sites\/14\/2020\/04\/sylvainlecointre.jpg\" alt=\"\" width=\"130\" height=\"130\" \/><\/td>\n<\/tr>\n<tr>\n<td>LUCEREAU NATHALIE<\/td>\n<td><img loading=\"lazy\" decoding=\"async\" class=\"alignnone size-full wp-image-300\" src=\"https:\/\/cgtsafran.com\/nacelles\/wp-content\/uploads\/sites\/14\/2020\/04\/nathalielucereau.jpg\" alt=\"\" width=\"130\" height=\"130\" \/><\/td>\n<\/tr>\n<tr>\n<td>LE MERRER JEAN-LUC<\/td>\n<td><img loading=\"lazy\" decoding=\"async\" class=\"alignnone size-full wp-image-291\" src=\"https:\/\/cgtsafran.com\/nacelles\/wp-content\/uploads\/sites\/14\/2020\/04\/jeanluclemerrer.jpg\" alt=\"\" width=\"130\" height=\"130\" \/><\/td>\n<\/tr>\n<tr>\n<td>SOTON GUILLAUME<\/td>\n<td><img loading=\"lazy\" decoding=\"async\" class=\"alignnone size-full wp-image-286\" src=\"https:\/\/cgtsafran.com\/nacelles\/wp-content\/uploads\/sites\/14\/2020\/04\/guillaumesotton.jpg\" alt=\"\" width=\"130\" height=\"130\" \/><\/td>\n<\/tr>\n<\/tbody>\n<\/table>\n<\/div>\n","protected":false},"excerpt":{"rendered":"<p>LE COMIT\u00c9 SOCIAL ET \u00c9CONOMIQUE (CSE) Premier coll\u00e8ge Titulaires ALI TALMAT Secr\u00e9taire du CSE Local JENNY GRANDET D\u00e9l\u00e9gu\u00e9\u00a0Syndical\u00a0Local NICOLAS DEHAIS D\u00e9l\u00e9gu\u00e9\u00a0Syndical\u00a0Local JEROME FICHET R\u00e9f\u00e9rent au CSSCT locale FRANCK DESDOUITILS D\u00e9l\u00e9gu\u00e9\u00a0Syndical\u00a0Local LUDOVIC BENARD WILSON PINSON JULIEN PENEL Suppl\u00e9ants SYLVAIN LECOINTRE Repr\u00e9sentant de proximit\u00e9 au CSSCT EMILIE DUMONT JEREMY LEBIGRE Repr\u00e9sentant de proximit\u00e9 au CSSCT KEVIN DUFEIL [&hellip;]<\/p>\n","protected":false},"author":1,"featured_media":0,"parent":142,"menu_order":0,"comment_status":"closed","ping_status":"closed","template":"","meta":{"_acf_changed":false,"footnotes":""},"class_list":["post-149","page","type-page","status-publish","hentry"],"acf":[],"_links":{"self":[{"href":"https:\/\/cgtsafran.com\/sna\/wp-json\/wp\/v2\/pages\/149","targetHints":{"allow":["GET"]}}],"collection":[{"href":"https:\/\/cgtsafran.com\/sna\/wp-json\/wp\/v2\/pages"}],"about":[{"href":"https:\/\/cgtsafran.com\/sna\/wp-json\/wp\/v2\/types\/page"}],"author":[{"embeddable":true,"href":"https:\/\/cgtsafran.com\/sna\/wp-json\/wp\/v2\/users\/1"}],"replies":[{"embeddable":true,"href":"https:\/\/cgtsafran.com\/sna\/wp-json\/wp\/v2\/comments?post=149"}],"version-history":[{"count":3,"href":"https:\/\/cgtsafran.com\/sna\/wp-json\/wp\/v2\/pages\/149\/revisions"}],"predecessor-version":[{"id":287,"href":"https:\/\/cgtsafran.com\/sna\/wp-json\/wp\/v2\/pages\/149\/revisions\/287"}],"up":[{"embeddable":true,"href":"https:\/\/cgtsafran.com\/sna\/wp-json\/wp\/v2\/pages\/142"}],"wp:attachment":[{"href":"https:\/\/cgtsafran.com\/sna\/wp-json\/wp\/v2\/media?parent=149"}],"curies":[{"name":"wp","href":"https:\/\/api.w.org\/{rel}","templated":true}]}}