{"id":330,"date":"2013-10-31T15:15:35","date_gmt":"2013-10-31T15:15:35","guid":{"rendered":"http:\/\/turbomeca.reference-syndicale.fr\/?page_id=330"},"modified":"2021-06-15T11:01:57","modified_gmt":"2021-06-15T09:01:57","slug":"ou-et-comment-se-syndiquer","status":"publish","type":"page","link":"https:\/\/cgtsafran.com\/she\/syndicats\/ou-et-comment-se-syndiquer\/","title":{"rendered":"O\u00f9 et comment se syndiquer ?"},"content":{"rendered":"<h1><strong>La cotisation syndicale<\/strong><\/h1>\n<h2><strong>Pourquoi une cotisation syndicale\u00a0?<\/strong><\/h2>\n<p>La cotisation syndicale vers\u00e9e r\u00e9guli\u00e8rement par le syndiqu\u00e9 mat\u00e9rialise son appartenance \u00e0 la CGT et constitue un \u00e9l\u00e9ment vital au financement de l\u2019activit\u00e9 de toute la CGT, du syndicat qui m\u00e8ne l\u2019action jusqu\u2019\u00e0 la Conf\u00e9d\u00e9ration. Elle garantit son ind\u00e9pendance \u00e0 l\u2019\u00e9gard du patronat et des pouvoirs publics.<\/p>\n<h2><strong>De combien\u00a0?<\/strong><\/h2>\n<p>La cotisation fix\u00e9e statutairement \u00e0 1\u00a0% du salaire net est un principe d\u2019\u00e9galit\u00e9. Chaque adh\u00e9rent cotise proportionnellement \u00e0 ses revenus. Pour une gestion pratique et r\u00e9guli\u00e8re, la CGT, ses organisations pratiquent et encouragent le pr\u00e9l\u00e8vement automatique des cotisations syndicales.<\/p>\n<h2><strong>D\u00e9duction fiscale et cr\u00e9dit d\u2019imp\u00f4t<\/strong><\/h2>\n<p>Le montant de la cotisation que vous versez est d\u00e9duit \u00e0 hauteur de 66 % de vos imp\u00f4ts sur le revenu, et ce sur le montant des imp\u00f4ts r\u00e9ellement pay\u00e9s. Votre syndicat vous d\u00e9livre une attestation qui pourra \u00eatre produite devant les services fiscaux. Ainsi pour un salaire mensuel de 1 000 \u20ac, la cotisation est de 10 \u20ac par mois, mais ne repr\u00e9sente en r\u00e9el que 3,40 \u20ac apr\u00e8s remboursement des 66% restant. Pour les salari\u00e9s qui ne payent pas d\u2019imp\u00f4t sur le revenu, la loi de finances du 29 d\u00e9cembre 2012 stipule que les cotisations vers\u00e9es ouvrent droit \u00e0 un cr\u00e9dit d\u2019imp\u00f4t sur le revenu de 66\u00a0%, dans la limite de 1% du revenu brut imposable, sur pr\u00e9sentation d\u2019un justificatif. Par exemple, pour un revenu annuel de 20 000 \u20ac, le cr\u00e9dit d\u2019imp\u00f4t est de (20 000 \u20ac x 1 %) x 66 % = 132 \u20ac.<\/p>\n<h1><strong>Se syndiquer \u00e0 la CGT TURBOMECA<\/strong><\/h1>\n<h2>Soit sur son lieu de travail<\/h2>\n<p>En se rendant au local syndical CGT de votre \u00e9tablissement ou en sollicitant directement un repr\u00e9sentant syndical (\u00e9lu ou mandat\u00e9) qui vous remettra un bulletin d\u2019adh\u00e9sion<\/p>\n<h2>Soit en compl\u00e9tant et retournant notre bulletin d\u2019adh\u00e9sion<\/h2>\n<p style=\"text-align: center\"><span style=\"text-decoration: underline\"><strong><span style=\"color: #0000ff\"><span style=\"color: #0000ff;text-decoration: underline\"><a href=\"https:\/\/cgtsafran.com\/she\/wp-content\/uploads\/sites\/12\/2021\/06\/pdf_bulletin_adhesion-1.pdf\">Bulletin d&rsquo;adh\u00e9sion<\/a><\/span><\/span><\/strong><\/span><\/p>\n<p>Puis adressez le :<\/p>\n<ul>\n<li>\u00a0par voie postale \u00e0 l&rsquo;adresse du syndicat CGT de votre \u00e9tablissement<\/li>\n<li>\u00a0par messagerie \u00e9lectronique<strong><br \/>\n<\/strong><\/li>\n<\/ul>\n<p><em>(pour les coordonn\u00e9es de votre syndicat voir rubrique \u00ab\u00a0Contacts\u00a0\u00bb dans les onglets <\/em><span style=\"color: #0000ff;text-decoration: underline\"><strong><a href=\"https:\/\/cgtsafran.com\/she\/bordes\/contacts-bordes\/\"><span style=\"color: #0000ff;text-decoration: underline\">Bordes<\/span><\/a><\/strong><\/span><span style=\"color: #0000ff\"><span style=\"color: #000000\"> , <\/span><a href=\"https:\/\/cgtsafran.com\/she\/tarnos\/contacts-tarnos\/\"><span style=\"color: #0000ff;text-decoration: underline\"><strong>Tarnos<\/strong><\/span><\/a><\/span><span style=\"color: #000000\"> , <\/span><span style=\"color: #0000ff;text-decoration: underline\"><a href=\"https:\/\/cgtsafran.com\/she\/buchelay-2\/contacts-buchelay\/\"><span style=\"color: #0000ff\"><strong>Buchelay<\/strong><\/span><\/a><\/span><span style=\"color: #0000ff\"><em> )<\/em><\/span><\/p>\n<p>ou<\/p>\n<h2>Soit en ligne :<\/h2>\n<p><strong><span style=\"text-decoration: underline\"><span style=\"color: #0000ff\"><a href=\"http:\/\/www.cgt.fr\/Adherer-en-ligne-a-la-CGT.html\"><span style=\"color: #0000ff;text-decoration: underline\">http:\/\/www.cgt.fr\/Adherer-en-ligne-a-la-CGT.html<\/span><\/a><\/span><\/span><\/strong><\/p>\n<p><strong><em>Quelquesoit le moyen choisi, avant de vous syndiquer, prenez le temps d&rsquo;\u00e9changer avec un de vos \u00e9lus ou mandat\u00e9s CGT <\/em><\/strong><em>(*)<\/em><strong><em>, il saura vous conseiller et r\u00e9pondre aux interrogations que vous pourriez avoir&#8230;<\/em><\/strong><\/p>\n<p><strong><em>Isol\u00e9s, les salari\u00e9s sont fragiles face \u00e0 leur employeur. Les salari\u00e9s, rassembl\u00e9s et organis\u00e9s dans un syndicat constituent un contre-pouvoir important. Les renseignements, les d\u00e9fenses individuelles que nous assurons ne sont possibles que parce que des personnels nous font confiance et nous ont rejoints.<\/em><\/strong> <strong>L\u2019ACTION COLLECTIVE EST NOTRE OUTIL ET NOTRE FORCE<\/strong><strong>\u00a0<\/strong><\/p>\n<p style=\"text-align: center\"><img loading=\"lazy\" decoding=\"async\" class=\"aligncenter wp-image-764 size-full\" src=\"https:\/\/cgtsafran.com\/she\/wp-content\/uploads\/sites\/12\/2013\/10\/ALU_CGT-Jadhere.jpg\" alt=\"ALU_CGT-Jadhere\" width=\"358\" height=\"150\" srcset=\"https:\/\/cgtsafran.com\/she\/wp-content\/uploads\/sites\/12\/2013\/10\/ALU_CGT-Jadhere.jpg 358w, https:\/\/cgtsafran.com\/she\/wp-content\/uploads\/sites\/12\/2013\/10\/ALU_CGT-Jadhere-300x126.jpg 300w\" sizes=\"auto, (max-width: 358px) 100vw, 358px\" \/><\/p>\n<p><em>(*)<\/em> pour conna\u00eetre vos repr\u00e9sentants CGT voir rubrique \u00ab\u00a0Elus &amp; Mandat\u00e9s\u00a0\u00bb dans les onglets\u00a0<strong><span style=\"text-decoration: underline\"><span style=\"color: #0000ff\"><a href=\"https:\/\/cgtsafran.com\/she\/bordes\/contacts-bordes\/elus-et-mandates-bordes\/\"><span style=\"color: #0000ff;text-decoration: underline\">Bordes<\/span><\/a><\/span><\/span><\/strong> , <strong><span style=\"text-decoration: underline\"><span style=\"color: #0000ff\"><a href=\"https:\/\/cgtsafran.com\/she\/tarnos\/69-2\/\"><span style=\"color: #0000ff;text-decoration: underline\">Tarnos<\/span><\/a><\/span><\/span><\/strong> , <strong><span style=\"text-decoration: underline\"><span style=\"color: #0000ff\"><a href=\"https:\/\/cgtsafran.com\/she\/buchelay-2\/elus-et-mandates-buchelay\/\"><span style=\"color: #0000ff;text-decoration: underline\">Buchelay<\/span><\/a><\/span><\/span><\/strong> )<\/p>\n","protected":false},"excerpt":{"rendered":"<p>La cotisation syndicale Pourquoi une cotisation syndicale\u00a0? La cotisation syndicale vers\u00e9e r\u00e9guli\u00e8rement par le syndiqu\u00e9 mat\u00e9rialise son appartenance \u00e0 la CGT et constitue un \u00e9l\u00e9ment vital au financement de l\u2019activit\u00e9 de toute la CGT, du syndicat qui m\u00e8ne l\u2019action jusqu\u2019\u00e0 la Conf\u00e9d\u00e9ration. Elle garantit son ind\u00e9pendance \u00e0 l\u2019\u00e9gard du patronat et des pouvoirs publics. De [&hellip;]<\/p>\n","protected":false},"author":2,"featured_media":764,"parent":312,"menu_order":0,"comment_status":"open","ping_status":"closed","template":"","meta":{"_acf_changed":false,"footnotes":""},"class_list":["post-330","page","type-page","status-publish","has-post-thumbnail","hentry"],"acf":[],"_links":{"self":[{"href":"https:\/\/cgtsafran.com\/she\/wp-json\/wp\/v2\/pages\/330","targetHints":{"allow":["GET"]}}],"collection":[{"href":"https:\/\/cgtsafran.com\/she\/wp-json\/wp\/v2\/pages"}],"about":[{"href":"https:\/\/cgtsafran.com\/she\/wp-json\/wp\/v2\/types\/page"}],"author":[{"embeddable":true,"href":"https:\/\/cgtsafran.com\/she\/wp-json\/wp\/v2\/users\/2"}],"replies":[{"embeddable":true,"href":"https:\/\/cgtsafran.com\/she\/wp-json\/wp\/v2\/comments?post=330"}],"version-history":[{"count":3,"href":"https:\/\/cgtsafran.com\/she\/wp-json\/wp\/v2\/pages\/330\/revisions"}],"predecessor-version":[{"id":2540,"href":"https:\/\/cgtsafran.com\/she\/wp-json\/wp\/v2\/pages\/330\/revisions\/2540"}],"up":[{"embeddable":true,"href":"https:\/\/cgtsafran.com\/she\/wp-json\/wp\/v2\/pages\/312"}],"wp:featuredmedia":[{"embeddable":true,"href":"https:\/\/cgtsafran.com\/she\/wp-json\/wp\/v2\/media\/764"}],"wp:attachment":[{"href":"https:\/\/cgtsafran.com\/she\/wp-json\/wp\/v2\/media?parent=330"}],"curies":[{"name":"wp","href":"https:\/\/api.w.org\/{rel}","templated":true}]}}