{"id":2452,"date":"2013-10-18T12:02:48","date_gmt":"2013-10-18T10:02:48","guid":{"rendered":"http:\/\/turbomeca.reference-syndicale.fr\/?page_id=69"},"modified":"2022-01-31T21:27:09","modified_gmt":"2022-01-31T20:27:09","slug":"69-2","status":"publish","type":"page","link":"https:\/\/cgtsafran.com\/she\/tarnos\/69-2\/","title":{"rendered":"Elus et Mandat\u00e9s Tarnos"},"content":{"rendered":"<h2>Elus CGT au Comit\u00e9 Social et Economique (CSE)<\/h2>\n<p><em>Commission Sant\u00e9 S\u00e9curit\u00e9 Conditions de Travail : CSSCT (ex CHSCT)<\/em><\/p>\n<h4>Titulaires:<\/h4>\n<h6>1er coll\u00e8ge<\/h6>\n<p>St\u00e9phane SAMYN &#8211; CSSCT<\/p>\n<p>J\u00e9r\u00e9my LISSART<\/p>\n<p>K\u00e9vin FARBOS<\/p>\n<p>Thomas SALDUBEHERE<\/p>\n<h6>2\u00e8me coll\u00e8ge<\/h6>\n<p>St\u00e9phane PICOT &#8211; Secr\u00e9taire CSE<\/p>\n<p>Caroline BAUSSANT<\/p>\n<p>Philippe GONZALEZ &#8211; R\u00e9f\u00e9rent CSSCT<\/p>\n<p>Carole RABINEAU<\/p>\n<p>Lucien FOURNIE<\/p>\n<p>R\u00e9gis PECASTAING<\/p>\n<h4>Suppl\u00e9ants:<\/h4>\n<h6>1er coll\u00e8ge<\/h6>\n<p>Bruno VILLANUEVA &#8211; CSSCT<\/p>\n<p>Cyrille BRETON<\/p>\n<p>Emmanuel BREMAND<\/p>\n<p>Louis CIENCIEWIEZ &#8211; CSSCT<\/p>\n<h6>2\u00e8me coll\u00e8ge<\/h6>\n<p>Nicolas DOMET<\/p>\n<p>M\u00e9lanie AUXIETTE<\/p>\n<p>Lucas DUCHEMIN &#8211; CSSCT<\/p>\n<p>Didier QUESNE<\/p>\n<p>Eric MIMIAGUE<\/p>\n<p>Herv\u00e9 IRIGARAY<\/p>\n<h4>Repr\u00e9sentant de la Vie Sociale :<\/h4>\n<p>Thierry LAFAIX &#8211; CSSCT<\/p>\n<h2>Mandat\u00e9s syndicaux CGT<\/h2>\n<h4>Repr\u00e9sentant syndical au CSE:<\/h4>\n<p>&#8211;<\/p>\n<h4>D\u00e9l\u00e9gu\u00e9s syndicaux:<\/h4>\n<p>&#8211;<\/p>\n<p>&#8211;<\/p>\n<p>&#8211;<\/p>\n","protected":false},"excerpt":{"rendered":"<p>Elus CGT au Comit\u00e9 Social et Economique (CSE) Commission Sant\u00e9 S\u00e9curit\u00e9 Conditions de Travail : CSSCT (ex CHSCT) Titulaires: 1er coll\u00e8ge St\u00e9phane SAMYN &#8211; CSSCT J\u00e9r\u00e9my LISSART K\u00e9vin FARBOS Thomas SALDUBEHERE 2\u00e8me coll\u00e8ge St\u00e9phane PICOT &#8211; Secr\u00e9taire CSE Caroline BAUSSANT Philippe GONZALEZ &#8211; R\u00e9f\u00e9rent CSSCT Carole RABINEAU Lucien FOURNIE R\u00e9gis PECASTAING Suppl\u00e9ants: 1er coll\u00e8ge Bruno [&hellip;]<\/p>\n","protected":false},"author":2,"featured_media":0,"parent":2449,"menu_order":0,"comment_status":"closed","ping_status":"closed","template":"","meta":{"_acf_changed":false,"footnotes":""},"class_list":["post-2452","page","type-page","status-publish","hentry"],"acf":[],"_links":{"self":[{"href":"https:\/\/cgtsafran.com\/she\/wp-json\/wp\/v2\/pages\/2452","targetHints":{"allow":["GET"]}}],"collection":[{"href":"https:\/\/cgtsafran.com\/she\/wp-json\/wp\/v2\/pages"}],"about":[{"href":"https:\/\/cgtsafran.com\/she\/wp-json\/wp\/v2\/types\/page"}],"author":[{"embeddable":true,"href":"https:\/\/cgtsafran.com\/she\/wp-json\/wp\/v2\/users\/2"}],"replies":[{"embeddable":true,"href":"https:\/\/cgtsafran.com\/she\/wp-json\/wp\/v2\/comments?post=2452"}],"version-history":[{"count":1,"href":"https:\/\/cgtsafran.com\/she\/wp-json\/wp\/v2\/pages\/2452\/revisions"}],"predecessor-version":[{"id":2802,"href":"https:\/\/cgtsafran.com\/she\/wp-json\/wp\/v2\/pages\/2452\/revisions\/2802"}],"up":[{"embeddable":true,"href":"https:\/\/cgtsafran.com\/she\/wp-json\/wp\/v2\/pages\/2449"}],"wp:attachment":[{"href":"https:\/\/cgtsafran.com\/she\/wp-json\/wp\/v2\/media?parent=2452"}],"curies":[{"name":"wp","href":"https:\/\/api.w.org\/{rel}","templated":true}]}}