{"id":1236,"date":"2014-03-24T21:47:33","date_gmt":"2014-03-24T20:47:33","guid":{"rendered":"http:\/\/turbomeca.reference-syndicale.fr\/?page_id=1236"},"modified":"2021-11-06T20:04:11","modified_gmt":"2021-11-06T19:04:11","slug":"elus-et-mandates-buchelay","status":"publish","type":"page","link":"https:\/\/cgtsafran.com\/she\/buchelay-2\/elus-et-mandates-buchelay\/","title":{"rendered":"Elus et Mandat\u00e9s Buchelay"},"content":{"rendered":"<h2>Elus CGT au Comit\u00e9 Social et Economique (CSE)<\/h2>\n<p><em>Commission Sant\u00e9 S\u00e9curit\u00e9 Conditions de Travail : CSSCT (ex CHSCT)<\/em><\/p>\n<h4>Titulaires:<\/h4>\n<h6>1er coll\u00e8ge<\/h6>\n<p>Mehnni BEN-MARZOUK<\/p>\n<p>Julien BOURE<\/p>\n<h6>2\u00e8me coll\u00e8ge<\/h6>\n<p>Dominique MOCZYNSKI &#8211; R\u00e9f\u00e9rent CSSCT<\/p>\n<p>Jean Luc NICOLAS<\/p>\n<p>Fran\u00e7ois Xavier KLEIN<\/p>\n<h4>Suppl\u00e9ants:<\/h4>\n<h6>1er coll\u00e8ge<\/h6>\n<p>Maurice EMONIDES<\/p>\n<p>Christophe DUBOURG<\/p>\n<h6>2\u00e8me coll\u00e8ge<\/h6>\n<p>Vitor CARVALHO-GONCALVEZ<\/p>\n<p>Sonia PA\u00cfS<\/p>\n<h2>Mandat\u00e9s syndicaux CGT<\/h2>\n<h4>Repr\u00e9sentant syndical au CSE:<\/h4>\n<p>Rodolphe JOLLIVET<\/p>\n<h4>D\u00e9l\u00e9gu\u00e9 syndical:<\/h4>\n<p>Julien BOURE<\/p>\n","protected":false},"excerpt":{"rendered":"<p>Elus CGT au Comit\u00e9 Social et Economique (CSE) Commission Sant\u00e9 S\u00e9curit\u00e9 Conditions de Travail : CSSCT (ex CHSCT) Titulaires: 1er coll\u00e8ge Mehnni BEN-MARZOUK Julien BOURE 2\u00e8me coll\u00e8ge Dominique MOCZYNSKI &#8211; R\u00e9f\u00e9rent CSSCT Jean Luc NICOLAS Fran\u00e7ois Xavier KLEIN Suppl\u00e9ants: 1er coll\u00e8ge Maurice EMONIDES Christophe DUBOURG 2\u00e8me coll\u00e8ge Vitor CARVALHO-GONCALVEZ Sonia PA\u00cfS Mandat\u00e9s syndicaux CGT Repr\u00e9sentant [&hellip;]<\/p>\n","protected":false},"author":2,"featured_media":0,"parent":1218,"menu_order":0,"comment_status":"open","ping_status":"closed","template":"","meta":{"_acf_changed":false,"footnotes":""},"class_list":["post-1236","page","type-page","status-publish","hentry"],"acf":[],"_links":{"self":[{"href":"https:\/\/cgtsafran.com\/she\/wp-json\/wp\/v2\/pages\/1236","targetHints":{"allow":["GET"]}}],"collection":[{"href":"https:\/\/cgtsafran.com\/she\/wp-json\/wp\/v2\/pages"}],"about":[{"href":"https:\/\/cgtsafran.com\/she\/wp-json\/wp\/v2\/types\/page"}],"author":[{"embeddable":true,"href":"https:\/\/cgtsafran.com\/she\/wp-json\/wp\/v2\/users\/2"}],"replies":[{"embeddable":true,"href":"https:\/\/cgtsafran.com\/she\/wp-json\/wp\/v2\/comments?post=1236"}],"version-history":[{"count":2,"href":"https:\/\/cgtsafran.com\/she\/wp-json\/wp\/v2\/pages\/1236\/revisions"}],"predecessor-version":[{"id":2666,"href":"https:\/\/cgtsafran.com\/she\/wp-json\/wp\/v2\/pages\/1236\/revisions\/2666"}],"up":[{"embeddable":true,"href":"https:\/\/cgtsafran.com\/she\/wp-json\/wp\/v2\/pages\/1218"}],"wp:attachment":[{"href":"https:\/\/cgtsafran.com\/she\/wp-json\/wp\/v2\/media?parent=1236"}],"curies":[{"name":"wp","href":"https:\/\/api.w.org\/{rel}","templated":true}]}}