{"id":5518,"date":"2023-06-01T13:01:44","date_gmt":"2023-06-01T11:01:44","guid":{"rendered":"https:\/\/cgtsafran.com\/groupe\/?page_id=5518"},"modified":"2023-06-01T13:01:44","modified_gmt":"2023-06-01T11:01:44","slug":"upload-accords","status":"publish","type":"page","link":"https:\/\/cgtsafran.com\/groupe\/upload-accords\/","title":{"rendered":"Upload accords"},"content":{"rendered":"\n\n\n<form action=\"https:\/\/cgtsafran.com\/groupe\/upload-accords\/\" method=\"post\" id=\"dlp-submit-form\" class=\"dlp-submission-form dlp-theme-ftmcomplet\" enctype=\"multipart\/form-data\">\n\n\t\n\t\t\t<fieldset class=\"fieldset-title fieldset-type-text \">\n\t\t\t<label for=\"title\">Accord<\/label>\n\t\t\t<div class=\"field required-field\">\n\t\t\t\t<input type=\"text\" class=\"input-text\" name=\"title\" id=\"title\" placeholder=\"Ajouter un titre\" value=\"\" maxlength=\"\" required \/>\n\t\t\t<\/div>\n\t\t<\/fieldset>\n\t\t\t<fieldset class=\"fieldset-custom_content fieldset-type-editor \">\n\t\t\t<label for=\"custom_content\">Contenu<\/label>\n\t\t\t<div class=\"field \">\n\t\t\t\t<div id=\"wp-custom_content-wrap\" class=\"wp-core-ui wp-editor-wrap tmce-active\"><link rel='stylesheet' id='dashicons-css' href='https:\/\/cgtsafran.com\/groupe\/wp-includes\/css\/dashicons.min.css?ver=f95ae14a19cafda793ecfddd9697bc5e' type='text\/css' media='all' \/>\n<link rel='stylesheet' id='editor-buttons-css' href='https:\/\/cgtsafran.com\/groupe\/wp-includes\/css\/editor.min.css?ver=f95ae14a19cafda793ecfddd9697bc5e' type='text\/css' media='all' \/>\n<style> .mce-top-part button { background-color: rgba(0,0,0,0.0) !important; } <\/style>\n<div id=\"wp-custom_content-editor-container\" class=\"wp-editor-container\"><textarea class=\"wp-editor-area\" rows=\"8\" autocomplete=\"off\" cols=\"40\" name=\"custom_content\" id=\"custom_content\"><\/textarea><\/div>\n<\/div>\n\n\t\t\t<\/div>\n\t\t<\/fieldset>\n\t\t\t<fieldset class=\"fieldset-document_link fieldset-type-select \">\n\t\t\t<label for=\"document_link\">Lien du document<\/label>\n\t\t\t<div class=\"field \">\n\t\t\t\t<select name=\"document_link\" id=\"document_link\"  autocomplete=\"off\">\n\t\t\t<option value=\"none\" >Aucun<\/option>\n\t\t\t<option value=\"file\" >Fichier t\u00e9l\u00e9charg\u00e9<\/option>\n\t\t\t<option value=\"url\" >A custom URL<\/option>\n\t<\/select>\n<small class=\"description\">T\u00e9l\u00e9chargez un fichier ou ajoutez l\u2019URL du fichier<\/small>\t\t\t<\/div>\n\t\t<\/fieldset>\n\t\t\t<fieldset class=\"fieldset-document_url fieldset-type-text \">\n\t\t\t<label for=\"document_url\">Document url<\/label>\n\t\t\t<div class=\"field \">\n\t\t\t\t<input type=\"text\" class=\"input-text\" name=\"document_url\" id=\"document_url\" placeholder=\"https:\/\/\" value=\"\" maxlength=\"\"  \/>\n\t\t\t<\/div>\n\t\t<\/fieldset>\n\t\t\t<fieldset class=\"fieldset-document_file fieldset-type-file \">\n\t\t\t<label for=\"document_file\">Document file<\/label>\n\t\t\t<div class=\"field \">\n\t\t\t\t\n<input\n\ttype=\"file\"\n\tclass=\"input-text\"\n\tdata-file_types=\"jpg|jpeg|jpe|png|gif|mov|qt|avif|avi|mpeg|mpg|mpe|3gp|3gpp|3g2|3gp2|mid|midi|pdf|doc|docx|docm|pot|pps|ppt|pptx|pptm|odt|ppsx|ppsm|xla|xls|xlt|xlw|xlsx|xlsm|xlsb|key|mp3|m4a|m4b|ogg|oga|flac|wav|x-wav|mp4|m4v|webm|ogv|flv\"\n\t\t\t\tname=\"document_file\"\n\tid=\"document_file\"\n\tplaceholder=\"\"\n\/>\n<small class=\"description\">\n\t<\/small>\n\t\t\t<\/div>\n\t\t<\/fieldset>\n\t\t\t<fieldset class=\"fieldset-category fieldset-type-taxonomy \">\n\t\t\t<label for=\"category\">Cat\u00e9gorie<\/label>\n\t\t\t<div class=\"field \">\n\t\t\t\t\n<input class=\"dlp-taxonomy-select\" data-selected-terms=\"\" data-taxonomy=\"doc_categories\" name=\"category\" id=\"category\" placeholder=\"S\u00e9lectionnez une ou plusieurs cat\u00e9gories\u2026\"\/>\n\t\t\t<\/div>\n\t\t<\/fieldset>\n\t\t\t<fieldset class=\"fieldset-tags fieldset-type-taxonomy \">\n\t\t\t<label for=\"tags\">Tags<\/label>\n\t\t\t<div class=\"field \">\n\t\t\t\t\n<input class=\"dlp-taxonomy-select\" data-selected-terms=\"\" data-taxonomy=\"doc_tags\" name=\"tags\" id=\"tags\" placeholder=\"S\u00e9lectionnez un ou plusieurs Tags\u2026\"\/>\n\t\t\t<\/div>\n\t\t<\/fieldset>\n\t\t\t<fieldset class=\"fieldset-email fieldset-type-text hp\">\n\t\t\t<label for=\"email\">Email<\/label>\n\t\t\t<div class=\"field \">\n\t\t\t\t<input type=\"text\" class=\"input-text\" name=\"email\" autocomplete=\"off\" id=\"email\" placeholder=\"\" value=\"\" maxlength=\"\"  \/>\n\t\t\t<\/div>\n\t\t<\/fieldset>\n\t\n\t<p>\n\t\t<input type=\"hidden\" id=\"dlp_frontend_nonce\" name=\"dlp_frontend_nonce\" value=\"3e7961447a\" \/><input type=\"hidden\" name=\"_wp_http_referer\" value=\"\/groupe\/wp-json\/wp\/v2\/pages\/5518\" \/>\t\t<input type=\"submit\" name=\"submit_job\" class=\"button\" value=\"Soumettre le document\" \/>\n\t<\/p>\n\n\t\n<\/form>\n\n","protected":false},"excerpt":{"rendered":"","protected":false},"author":2,"featured_media":0,"parent":0,"menu_order":0,"comment_status":"closed","ping_status":"closed","template":"","meta":{"_acf_changed":false,"wds_primary_applications":0,"footnotes":""},"applications":[],"class_list":["post-5518","page","type-page","status-publish","hentry"],"acf":[],"_links":{"self":[{"href":"https:\/\/cgtsafran.com\/groupe\/wp-json\/wp\/v2\/pages\/5518","targetHints":{"allow":["GET"]}}],"collection":[{"href":"https:\/\/cgtsafran.com\/groupe\/wp-json\/wp\/v2\/pages"}],"about":[{"href":"https:\/\/cgtsafran.com\/groupe\/wp-json\/wp\/v2\/types\/page"}],"author":[{"embeddable":true,"href":"https:\/\/cgtsafran.com\/groupe\/wp-json\/wp\/v2\/users\/2"}],"replies":[{"embeddable":true,"href":"https:\/\/cgtsafran.com\/groupe\/wp-json\/wp\/v2\/comments?post=5518"}],"version-history":[{"count":1,"href":"https:\/\/cgtsafran.com\/groupe\/wp-json\/wp\/v2\/pages\/5518\/revisions"}],"predecessor-version":[{"id":5519,"href":"https:\/\/cgtsafran.com\/groupe\/wp-json\/wp\/v2\/pages\/5518\/revisions\/5519"}],"wp:attachment":[{"href":"https:\/\/cgtsafran.com\/groupe\/wp-json\/wp\/v2\/media?parent=5518"}],"wp:term":[{"taxonomy":"applications","embeddable":true,"href":"https:\/\/cgtsafran.com\/groupe\/wp-json\/wp\/v2\/applications?post=5518"}],"curies":[{"name":"wp","href":"https:\/\/api.w.org\/{rel}","templated":true}]}}