{"id":5183,"date":"2022-01-07T11:02:26","date_gmt":"2022-01-07T10:02:26","guid":{"rendered":"https:\/\/cgtsafran.com\/groupe\/?page_id=5183"},"modified":"2022-01-07T11:02:26","modified_gmt":"2022-01-07T10:02:26","slug":"suivi-des-nao-2022","status":"publish","type":"page","link":"https:\/\/cgtsafran.com\/groupe\/suivi-des-nao-2022\/","title":{"rendered":"Suivi des NAO 2022"},"content":{"rendered":"<h3 class=\"wpdt-c\" id=\"wdt-table-title-1\">Mesures salariales<\/h3>\n    <div class=\"wpdt-c \">\n    \n<input type=\"hidden\" id=\"wdtNonceFrontendEdit\" name=\"wdtNonceFrontendEdit\" value=\"ceb6aea2c4\" \/><input type=\"hidden\" name=\"_wp_http_referer\" value=\"\/groupe\/wp-json\/wp\/v2\/pages\/5183\" \/>    <input type=\"hidden\" id=\"table_1_desc\" value='{\"tableId\":\"table_1\",\"tableType\":\"forminator\",\"selector\":\"#table_1\",\"responsive\":false,\"responsiveAction\":\"icon\",\"infoBlock\":true,\"pagination\":1,\"paginationAlign\":\"right\",\"paginationLayout\":\"full_numbers\",\"paginationLayoutMobile\":\"simple\",\"file_location\":\"\",\"table_wcag\":0,\"simple_template_id\":0,\"scrollable\":false,\"globalSearch\":true,\"showRowsPerPage\":true,\"hideBeforeLoad\":true,\"pagination_top\":0,\"number_format\":1,\"decimalPlaces\":2,\"spinnerSrc\":\"https:\\\/\\\/cgtsafran.com\\\/groupe\\\/wp-content\\\/plugins\\\/wpdatatables\\\/assets\\\/\\\/img\\\/spinner.gif\",\"groupingEnabled\":false,\"tableWpId\":1,\"dataTableParams\":{\"sDom\":\"BT\\u003C\\u0027clear\\u0027\\u003Elftip\",\"bSortCellsTop\":false,\"bPaginate\":true,\"sPaginationType\":\"full_numbers\",\"aLengthMenu\":[[1,5,10,25,50,100,-1],[1,5,10,25,50,100,\"Tout\"]],\"iDisplayLength\":-1,\"columnDefs\":[{\"sType\":\"string\",\"wdtType\":\"string\",\"bVisible\":true,\"orderable\":true,\"searchable\":true,\"InputType\":\"text\",\"name\":\"select1\",\"origHeader\":\"select1\",\"notNull\":false,\"conditionalFormattingRules\":[],\"className\":\" column-select1\",\"aTargets\":[0]},{\"sType\":\"formatted-num\",\"wdtType\":\"float\",\"bVisible\":true,\"orderable\":true,\"searchable\":true,\"InputType\":\"text\",\"name\":\"number1\",\"origHeader\":\"number1\",\"notNull\":false,\"conditionalFormattingRules\":[],\"className\":\"numdata float  column-number1\",\"aTargets\":[1]},{\"sType\":\"formatted-num\",\"wdtType\":\"int\",\"bVisible\":true,\"orderable\":true,\"searchable\":true,\"InputType\":\"text\",\"name\":\"text1\",\"origHeader\":\"text1\",\"notNull\":false,\"conditionalFormattingRules\":[],\"className\":\"numdata integer  column-text1\",\"aTargets\":[2]},{\"sType\":\"formatted-num\",\"wdtType\":\"float\",\"bVisible\":true,\"orderable\":true,\"searchable\":true,\"InputType\":\"text\",\"name\":\"number2\",\"origHeader\":\"number2\",\"notNull\":false,\"conditionalFormattingRules\":[],\"className\":\"numdata float  column-number2\",\"aTargets\":[3]},{\"sType\":\"formatted-num\",\"wdtType\":\"int\",\"bVisible\":true,\"orderable\":true,\"searchable\":true,\"InputType\":\"text\",\"name\":\"text2\",\"origHeader\":\"text2\",\"notNull\":false,\"conditionalFormattingRules\":[],\"className\":\"numdata integer  column-text2\",\"aTargets\":[4]},{\"sType\":\"formatted-num\",\"wdtType\":\"float\",\"bVisible\":true,\"orderable\":true,\"searchable\":true,\"InputType\":\"text\",\"name\":\"number3\",\"origHeader\":\"number3\",\"notNull\":false,\"conditionalFormattingRules\":[],\"className\":\"numdata float  column-number3\",\"aTargets\":[5]},{\"sType\":\"formatted-num\",\"wdtType\":\"float\",\"bVisible\":true,\"orderable\":true,\"searchable\":true,\"InputType\":\"text\",\"name\":\"number5\",\"origHeader\":\"number5\",\"notNull\":false,\"conditionalFormattingRules\":[],\"className\":\"numdata float  column-number5\",\"aTargets\":[6]}],\"bAutoWidth\":false,\"order\":[[0,\"asc\"]],\"ordering\":true,\"buttons\":[{\"extend\":\"print\",\"exportOptions\":{\"columns\":\":visible\",\"stripHtml\":true},\"className\":\"DTTT_button DTTT_button_print\",\"title\":\"Mesures salariales\",\"text\":\"Imprimer\"},{\"extend\":\"excelHtml5\",\"exportOptions\":{\"columns\":\":visible\",\"stripHtml\":true},\"className\":\"DTTT_button DTTT_button_xls\",\"filename\":\"Mesures salariales\",\"title\":null,\"text\":\"Excel\"}],\"oSearch\":{\"bSmart\":false,\"bRegex\":false,\"sSearch\":\"\"}},\"currentSkin\":\"skin1\",\"tabletWidth\":\"1024\",\"mobileWidth\":\"480\",\"columnsFixed\":0,\"timeFormat\":\"h:i A\",\"datepickFormat\":\"dd\\\/mm\\\/yy\"}'\/>\n\n    <table id=\"table_1\"\n           class=\"                      display nowrap data-t wpDataTable wpDataTableID-1\"\n           style=\"display: none; \"\n           data-described-by='table_1_desc'\n           data-wpdatatable_id=\"1\">\n        \n        <!-- Table header -->\n        \n<thead>\n<tr>\n                    <th\n        data-class=\"expand\"                class=\" wdtheader sort \"\n        style=\"\">Soci\u00e9t\u00e9<\/th>        <th\n                        class=\" wdtheader sort numdata float \"\n        style=\"\">AG<\/th>        <th\n                        class=\" wdtheader sort numdata integer \"\n        style=\"\">Pl<\/th>        <th\n                        class=\" wdtheader sort numdata float \"\n        style=\"\">AI<\/th>        <th\n                        class=\" wdtheader sort numdata integer \"\n        style=\"\">Pl<\/th>        <th\n                        class=\" wdtheader sort numdata float \"\n        style=\"\">Mes. Sp\u00e9<\/th>        <th\n                        class=\" wdtheader sort numdata float \"\n        style=\"\">AI I\/C<\/th>    <\/tr>\n<\/thead>\n        <!-- \/Table header -->\n\n        <!-- Table body -->\n        \n<tbody>\n        <tr id=\"table_1_row_0\">\n                    <td style=\"\">Safran Power Units<\/td>\n                    <td style=\"\">1,50<\/td>\n                    <td style=\"\">40<\/td>\n                    <td style=\"\">1,00<\/td>\n                    <td style=\"\"><\/td>\n                    <td style=\"\">0,20<\/td>\n                    <td style=\"\">2,80<\/td>\n            <\/tr>\n            <tr id=\"table_1_row_1\">\n                    <td style=\"\">Safran Electronics &amp; Defense<\/td>\n                    <td style=\"\">1,40<\/td>\n                    <td style=\"\">375<\/td>\n                    <td style=\"\">1,20<\/td>\n                    <td style=\"\"><\/td>\n                    <td style=\"\">0,20<\/td>\n                    <td style=\"\">1,40<\/td>\n            <\/tr>\n            <tr id=\"table_1_row_2\">\n                    <td style=\"\">Safran Power Units<\/td>\n                    <td style=\"\">1,50<\/td>\n                    <td style=\"\">35<\/td>\n                    <td style=\"\">1,00<\/td>\n                    <td style=\"\"><\/td>\n                    <td style=\"\">0,20<\/td>\n                    <td style=\"\">2,80<\/td>\n            <\/tr>\n            <tr id=\"table_1_row_3\">\n                    <td style=\"\">Safran Landing Systems<\/td>\n                    <td style=\"\">1,40<\/td>\n                    <td style=\"\">38<\/td>\n                    <td style=\"\">1,20<\/td>\n                    <td style=\"\"><\/td>\n                    <td style=\"\">0,20<\/td>\n                    <td style=\"\">2,80<\/td>\n            <\/tr>\n            <tr id=\"table_1_row_4\">\n                    <td style=\"\">Safran Ventilation Systems<\/td>\n                    <td style=\"\">1,55<\/td>\n                    <td style=\"\">40<\/td>\n                    <td style=\"\">1,40<\/td>\n                    <td style=\"\"><\/td>\n                    <td style=\"\"><\/td>\n                    <td style=\"\">2,80<\/td>\n            <\/tr>\n            <tr id=\"table_1_row_5\">\n                    <td style=\"\">Safran Engineering Services<\/td>\n                    <td style=\"\">1,30<\/td>\n                    <td style=\"\">32<\/td>\n                    <td style=\"\">1,23<\/td>\n                    <td style=\"\"><\/td>\n                    <td style=\"\">0,20<\/td>\n                    <td style=\"\">2,80<\/td>\n            <\/tr>\n            <tr id=\"table_1_row_6\">\n                    <td style=\"\">Safran Power Units<\/td>\n                    <td style=\"\">1,30<\/td>\n                    <td style=\"\"><\/td>\n                    <td style=\"\">1,20<\/td>\n                    <td style=\"\"><\/td>\n                    <td style=\"\">0,20<\/td>\n                    <td style=\"\">2,80<\/td>\n            <\/tr>\n            <tr id=\"table_1_row_7\">\n                    <td style=\"\">Safran Filtration Systems<\/td>\n                    <td style=\"\">1,40<\/td>\n                    <td style=\"\"><\/td>\n                    <td style=\"\">1,30<\/td>\n                    <td style=\"\"><\/td>\n                    <td style=\"\">0,20<\/td>\n                    <td style=\"\">2,80<\/td>\n            <\/tr>\n            <tr id=\"table_1_row_8\">\n                    <td style=\"\">Safran Nacelles<\/td>\n                    <td style=\"\">1,20<\/td>\n                    <td style=\"\">30<\/td>\n                    <td style=\"\">1,40<\/td>\n                    <td style=\"\">35<\/td>\n                    <td style=\"\">0,20<\/td>\n                    <td style=\"\">2,80<\/td>\n            <\/tr>\n            <tr id=\"table_1_row_9\">\n                    <td style=\"\">Safran Aircraft Engines<\/td>\n                    <td style=\"\">1,40<\/td>\n                    <td style=\"\">35<\/td>\n                    <td style=\"\">1,15<\/td>\n                    <td style=\"\"><\/td>\n                    <td style=\"\">0,20<\/td>\n                    <td style=\"\">2,80<\/td>\n            <\/tr>\n            <tr id=\"table_1_row_10\">\n                    <td style=\"\">Safran Helicopter Engines<\/td>\n                    <td style=\"\">1,45<\/td>\n                    <td style=\"\"><\/td>\n                    <td style=\"\">1,10<\/td>\n                    <td style=\"\"><\/td>\n                    <td style=\"\">0,20<\/td>\n                    <td style=\"\">2,80<\/td>\n            <\/tr>\n            <tr id=\"table_1_row_11\">\n                    <td style=\"\">Safran Ceramics<\/td>\n                    <td style=\"\">1,10<\/td>\n                    <td style=\"\"><\/td>\n                    <td style=\"\">1,50<\/td>\n                    <td style=\"\"><\/td>\n                    <td style=\"\">0,20<\/td>\n                    <td style=\"\">2,80<\/td>\n            <\/tr>\n            <tr id=\"table_1_row_12\">\n                    <td style=\"\">Safran Seats<\/td>\n                    <td style=\"\">1,30<\/td>\n                    <td style=\"\"><\/td>\n                    <td style=\"\">1,30<\/td>\n                    <td style=\"\"><\/td>\n                    <td style=\"\">0,20<\/td>\n                    <td style=\"\">2,80<\/td>\n            <\/tr>\n    <\/tbody>        <!-- \/Table body -->\n\n        \n    <\/table>\n\n        <span class=\"powered_by_link d-block m-l-10 m-t-10 m-b-10\">Generated by <a href=\"https:\/\/wpdatatables.com\" rel=\"nofollow\" target=\"_blank\">wpDataTables<\/a><\/span>\n<\/div><style>\n\n#table_1 > tbody > tr > td.column-number1:not(:empty):after,\n                                       \n#table_1 > tbody > tr.row-detail ul li.column-number1 span.columnValue:after\n                                            { content: '%' }\n#table_1 > tbody > tr > td.column-text1:not(:empty):after,\n                                       \n#table_1 > tbody > tr.row-detail ul li.column-text1 span.columnValue:after\n                                            { content: '\u20ac' }\n#table_1 > tbody > tr > td.column-number2:not(:empty):after,\n                                       \n#table_1 > tbody > tr.row-detail ul li.column-number2 span.columnValue:after\n                                            { content: '%' }\n#table_1 > tbody > tr > td.column-text2:not(:empty):after,\n                                       \n#table_1 > tbody > tr.row-detail ul li.column-text2 span.columnValue:after\n                                            { content: '\u20ac' }\n#table_1 > tbody > tr > td.column-number3:not(:empty):after,\n                                       \n#table_1 > tbody > tr.row-detail ul li.column-number3 span.columnValue:after\n                                            { content: '%' }\n#table_1 > tbody > tr > td.column-number5:not(:empty):after,\n                                       \n#table_1 > tbody > tr.row-detail ul li.column-number5 span.columnValue:after\n                                            { content: '%' }table.wpDataTable { table-layout: fixed !important; }\ntable.wpDataTable td.numdata { text-align: right !important; }\n<\/style>\n\n<hr \/>\n<h3 class=\"wpdt-c\" id=\"wdt-table-title-2\">Mesures Compl\u00e9mentaires<\/h3>\n    <div class=\"wpdt-c \">\n    \n<input type=\"hidden\" id=\"wdtNonceFrontendEdit\" name=\"wdtNonceFrontendEdit\" value=\"ceb6aea2c4\" \/><input type=\"hidden\" name=\"_wp_http_referer\" value=\"\/groupe\/wp-json\/wp\/v2\/pages\/5183\" \/>    <input type=\"hidden\" id=\"table_2_desc\" value='{\"tableId\":\"table_2\",\"tableType\":\"forminator\",\"selector\":\"#table_2\",\"responsive\":false,\"responsiveAction\":\"icon\",\"infoBlock\":true,\"pagination\":1,\"paginationAlign\":\"right\",\"paginationLayout\":\"full_numbers\",\"paginationLayoutMobile\":\"simple\",\"file_location\":\"\",\"table_wcag\":0,\"simple_template_id\":0,\"scrollable\":false,\"globalSearch\":true,\"showRowsPerPage\":true,\"hideBeforeLoad\":true,\"pagination_top\":0,\"number_format\":1,\"decimalPlaces\":2,\"spinnerSrc\":\"https:\\\/\\\/cgtsafran.com\\\/groupe\\\/wp-content\\\/plugins\\\/wpdatatables\\\/assets\\\/\\\/img\\\/spinner.gif\",\"groupingEnabled\":false,\"tableWpId\":2,\"dataTableParams\":{\"sDom\":\"BT\\u003C\\u0027clear\\u0027\\u003Elftip\",\"bSortCellsTop\":false,\"bPaginate\":true,\"sPaginationType\":\"full_numbers\",\"aLengthMenu\":[[1,5,10,25,50,100,-1],[1,5,10,25,50,100,\"Tout\"]],\"iDisplayLength\":-1,\"columnDefs\":[{\"sType\":\"string\",\"wdtType\":\"string\",\"bVisible\":true,\"orderable\":true,\"searchable\":true,\"InputType\":\"text\",\"name\":\"select1\",\"origHeader\":\"select1\",\"notNull\":false,\"conditionalFormattingRules\":[],\"className\":\" column-select1\",\"aTargets\":[0]},{\"sType\":\"string\",\"wdtType\":\"string\",\"bVisible\":true,\"orderable\":true,\"searchable\":true,\"InputType\":\"text\",\"name\":\"textarea1\",\"origHeader\":\"textarea1\",\"notNull\":false,\"conditionalFormattingRules\":[],\"className\":\" column-textarea1\",\"aTargets\":[1]}],\"bAutoWidth\":false,\"order\":[[0,\"asc\"]],\"ordering\":true,\"buttons\":[{\"extend\":\"print\",\"exportOptions\":{\"columns\":\":visible\",\"stripHtml\":true},\"className\":\"DTTT_button DTTT_button_print\",\"title\":\"Mesures Compl\\u00e9mentaires\",\"text\":\"Imprimer\"},{\"extend\":\"excelHtml5\",\"exportOptions\":{\"columns\":\":visible\",\"stripHtml\":true},\"className\":\"DTTT_button DTTT_button_xls\",\"filename\":\"Mesures Compl\\u00e9mentaires\",\"title\":null,\"text\":\"Excel\"}],\"oSearch\":{\"bSmart\":false,\"bRegex\":false,\"sSearch\":\"\"}},\"currentSkin\":\"skin1\",\"tabletWidth\":\"1024\",\"mobileWidth\":\"480\",\"columnsFixed\":0,\"timeFormat\":\"h:i A\",\"datepickFormat\":\"dd\\\/mm\\\/yy\"}'\/>\n\n    <table id=\"table_2\"\n           class=\"                      display nowrap data-t wpDataTable wpDataTableID-2\"\n           style=\"display: none; \"\n           data-described-by='table_2_desc'\n           data-wpdatatable_id=\"2\">\n        \n        <!-- Table header -->\n        \n<thead>\n<tr>\n                    <th\n        data-class=\"expand\"                class=\" wdtheader sort \"\n        style=\"\">Soci\u00e9t\u00e9<\/th>        <th\n                        class=\" wdtheader sort \"\n        style=\"\">Mesures compl\u00e9mentaires<\/th>    <\/tr>\n<\/thead>\n        <!-- \/Table header -->\n\n        <!-- Table body -->\n        \n<tbody>\n        <tr id=\"table_2_row_0\">\n                    <td style=\"\">Safran Power Units<\/td>\n                    <td style=\"\">&gt; Revalorisation \u00e0 10\u20ac\/mois de la prime Transport (au lieu de 4\u20ac historiquement)<br \/>\r\n&gt; Maintien de l'allocation sp\u00e9cifique \u00e9nergie en l'\u00e9tat<br \/>\r\n&gt; Emploi: priorisation du traitement des candidatures du personnel int\u00e9rimaire et alternant <br \/>\r\n&gt;CESU: 1400\u20ac \/an pris en charge \u00e0 60% par l'employeur, 1600\u20ac pour les foyers ayant 1 enfant de       moins de 10 ans ou un statut de travailleur handicap\u00e9<br \/>\r\n&gt; Prime de transport passe de 4\u20ac \u00e0 10\u20ac\/mois 0,12%MS <br \/>\r\n&gt; Prise en charge de 80% \u00e0 100% de la sup Retraite (sp\u00e9cifique \u00e0 SPU) 0,37%MS &gt; int\u00e9gration de l'allocation sp\u00e9cifique \u00e9nergie dans le salaire de base<\/td>\n            <\/tr>\n            <tr id=\"table_2_row_1\">\n                    <td style=\"\">Safran Electronics &amp; Defense<\/td>\n                    <td style=\"\">- Majoration sur 2022 de la prime \u00ab gratification \u00bb de 100\u20ac au b\u00e9n\u00e9fice des salari\u00e9s<br \/>\r\ndont la r\u00e9mun\u00e9ration est inf\u00e9rieure \u00e0 2 300 euros mensuels bruts pour un<br \/>\r\n\u00e9quivalent temps plein en ann\u00e9e pleine. Mais aussi \u00e0 toutes personnes touchant moins de 10 % du minimum conventionnel.<\/td>\n            <\/tr>\n            <tr id=\"table_2_row_2\">\n                    <td style=\"\">Safran Power Units<\/td>\n                    <td style=\"\">- Retraite suppl\u00e9mentaire prise en charge par l'employeur pour tous (Non Cadres et Cadres) \u00e0 :<br \/>\r\n                                     90% en 2022       100% en 2023    sp\u00e9cifique \u00e0 SPU<br \/>\r\n- Revalorisation \u00e0 10\u20ac\/mois de la prime Transport (au lieu de 4\u20ac historiquement) <br \/>\r\n- Maintien de l'allocation sp\u00e9cifique \u00e9nergie en l'\u00e9tat<br \/>\r\n- Emploi: priorisation du traitement des candidatures du personnel int\u00e9rimaire et alternant<br \/>\r\n- CESU: 1400\u20ac \/an pris en charge \u00e0 60% par l'employeur, 1600\u20ac pour les foyers ayant 1 enfant de <br \/>\r\n     moins de 10 ans ou un statut de travailleur handicap\u00e9<\/td>\n            <\/tr>\n            <tr id=\"table_2_row_3\">\n                    <td style=\"\">Safran Landing Systems<\/td>\n                    <td style=\"\">Mini pour les cadres 80\u20ac.<\/td>\n            <\/tr>\n            <tr id=\"table_2_row_4\">\n                    <td style=\"\">Safran Ventilation Systems<\/td>\n                    <td style=\"\">Revalorisation prime d'\u00e9quipe.<br \/>\r\nAugmentation du ticket restaurant \u00e0 9\u20ac<br \/>\r\nMaintien de salaire au del\u00e0 des 11 jours de cong\u00e9 paternit\u00e9<\/td>\n            <\/tr>\n            <tr id=\"table_2_row_5\">\n                    <td style=\"\">Safran Engineering Services<\/td>\n                    <td style=\"\">CESU ==&gt; 100 euros<br \/>\r\nCESU ==&gt; 1600 euros  pour Handicap<\/td>\n            <\/tr>\n            <tr id=\"table_2_row_6\">\n                    <td style=\"\">Safran Power Units<\/td>\n                    <td style=\"\">&gt; Prime de transport passe de 4\u20ac \u00e0 10\u20ac\/mois 0,12%MS<br \/>\r\n&gt; Prise en charge de 80% \u00e0 100% de la sup Retraite (specifique \u00e0 SPU) 0,37%MS<br \/>\r\n&gt; int\u00e9gration de l'allocation sp\u00e9cifique energie dans le salaire de base<\/td>\n            <\/tr>\n            <tr id=\"table_2_row_7\">\n                    <td style=\"\">Safran Filtration Systems<\/td>\n                    <td style=\"\">cadres    AI mini 1,5 % et absence d'AI devra \u00eatre expliqu\u00e9 au collaborateur concern\u00e9<br \/>\r\nprime de transport 1,7 euros passe \u00e0 2 euros par jour de pr\u00e9sence sur site<\/td>\n            <\/tr>\n            <tr id=\"table_2_row_8\">\n                    <td style=\"\">Safran Nacelles<\/td>\n                    <td style=\"\">prise en charge \u00e0 hauteur de 70% par l\u2019entreprise contre 30% pour le salari\u00e9, de location de v\u00e9lo personnel aupr\u00e8s d\u2019une soci\u00e9t\u00e9 prestataire<br \/>\r\npoursuite de la prise en charge de l\u2019abonnement de transports publics en commun \u00e0 hauteur de 65%<br \/>\r\nCh\u00e8que Emploi service Universel (CESU) Elargissement du dispositif<br \/>\r\nEngagements de n\u00e9gociations<br \/>\r\nL\u2019astreinte ; <br \/>\r\nLa Gestion des Emplois et des Parcours Professionnels (GEPP) ; <br \/>\r\nLa Qualit\u00e9 de Vie au Travail (QVT) et l\u2019\u00e9galit\u00e9 entre les femmes et les hommes <br \/>\r\nL\u2019\u00e9volution de carri\u00e8re des ouvriers et ETAM <br \/>\r\nL\u2019\u00e9volution de carri\u00e8re des Ing\u00e9nieurs et Cadres<\/td>\n            <\/tr>\n            <tr id=\"table_2_row_9\">\n                    <td style=\"\">Safran Aircraft Engines<\/td>\n                    <td style=\"\">Prime d'\u00e9quipe : +1,40%<br \/>\r\nPrix du Point : +1,40%<br \/>\r\nAugmentation mini par salari\u00e9 de 2,8% sur les trois derni\u00e8res ann\u00e9es<br \/>\r\n13\u00e8me mois mini 1,65x le mini soci\u00e9t\u00e9<br \/>\r\nCESU = 1450\u20ac<br \/>\r\nPrise en charge de 70% du forfait transport<br \/>\r\nInstallation de 150 bornes de recharge v\u00e9hicule \u00e9lectrique<\/td>\n            <\/tr>\n            <tr id=\"table_2_row_10\">\n                    <td style=\"\">Safran Helicopter Engines<\/td>\n                    <td style=\"\">Plancher cadre 700\u20ac annuel<\/td>\n            <\/tr>\n            <tr id=\"table_2_row_11\">\n                    <td style=\"\">Safran Ceramics<\/td>\n                    <td style=\"\">Augmentation de 2% du mois moyen soci\u00e9t\u00e9 (qui passe \u00e0 4615euro)<br \/>\r\nAugmentation prime allocation transport et \u00e9nergie de 8% (qui passe de 38 \u00e0 41 euro)<\/td>\n            <\/tr>\n            <tr id=\"table_2_row_12\">\n                    <td style=\"\">Safran Seats<\/td>\n                    <td style=\"\"><\/td>\n            <\/tr>\n    <\/tbody>        <!-- \/Table body -->\n\n        \n    <\/table>\n\n        <span class=\"powered_by_link d-block m-l-10 m-t-10 m-b-10\">Generated by <a href=\"https:\/\/wpdatatables.com\" rel=\"nofollow\" target=\"_blank\">wpDataTables<\/a><\/span>\n<\/div><style>\ntable.wpDataTable { table-layout: fixed !important; }\ntable.wpDataTable td.numdata { text-align: right !important; }\n<\/style>\n\n","protected":false},"excerpt":{"rendered":"","protected":false},"author":2,"featured_media":0,"parent":0,"menu_order":0,"comment_status":"closed","ping_status":"closed","template":"","meta":{"_acf_changed":false,"wds_primary_applications":0,"footnotes":""},"applications":[],"class_list":["post-5183","page","type-page","status-publish","hentry"],"acf":[],"_links":{"self":[{"href":"https:\/\/cgtsafran.com\/groupe\/wp-json\/wp\/v2\/pages\/5183","targetHints":{"allow":["GET"]}}],"collection":[{"href":"https:\/\/cgtsafran.com\/groupe\/wp-json\/wp\/v2\/pages"}],"about":[{"href":"https:\/\/cgtsafran.com\/groupe\/wp-json\/wp\/v2\/types\/page"}],"author":[{"embeddable":true,"href":"https:\/\/cgtsafran.com\/groupe\/wp-json\/wp\/v2\/users\/2"}],"replies":[{"embeddable":true,"href":"https:\/\/cgtsafran.com\/groupe\/wp-json\/wp\/v2\/comments?post=5183"}],"version-history":[{"count":1,"href":"https:\/\/cgtsafran.com\/groupe\/wp-json\/wp\/v2\/pages\/5183\/revisions"}],"predecessor-version":[{"id":5184,"href":"https:\/\/cgtsafran.com\/groupe\/wp-json\/wp\/v2\/pages\/5183\/revisions\/5184"}],"wp:attachment":[{"href":"https:\/\/cgtsafran.com\/groupe\/wp-json\/wp\/v2\/media?parent=5183"}],"wp:term":[{"taxonomy":"applications","embeddable":true,"href":"https:\/\/cgtsafran.com\/groupe\/wp-json\/wp\/v2\/applications?post=5183"}],"curies":[{"name":"wp","href":"https:\/\/api.w.org\/{rel}","templated":true}]}}